 of 2136374 and 28342?
766
Calculate the greatest common factor of 2241 and 1786575.
249
What is the greatest common factor of 516336 and 3808672?
5552
Calculate the highest common divisor of 2214 and 69363513.
1107
What is the greatest common factor of 936 and 71139?
3
Calculate the highest common divisor of 107077999 and 62.
31
What is the highest common divisor of 27354 and 746124?
582
Calculate the highest common factor of 717 and 381043914.
717
Calculate the highest common divisor of 468944 and 20431712.
5936
Calculate the highest common factor of 13825 and 3400555.
395
What is the greatest common divisor of 22489 and 636271?
43
Calculate the greatest common factor of 12485622 and 228.
114
What is the highest common divisor of 777 and 327271?
7
What is the highest common divisor of 209460173 and 39?
13
Calculate the greatest common divisor of 7889 and 112847.
343
Calculate the highest common divisor of 52 and 156596076.
52
What is the highest common divisor of 2954226 and 396?
66
Calculate the greatest common divisor of 14694365 and 49.
49
What is the greatest common factor of 13 and 146057873?
13
Calculate the greatest common divisor of 17688 and 682572.
132
What is the greatest common divisor of 35817600 and 223040?
13120
What is the highest common factor of 1444 and 5814266?
722
Calculate the highest common divisor of 125 and 26801125.
125
Calculate the highest common factor of 614984 and 104.
8
What is the highest common divisor of 4019988 and 2190?
6
What is the highest common factor of 8194489 and 371?
53
What is the greatest common factor of 11 and 40328519?
11
Calculate the highest common factor of 95228 and 7553621.
3401
What is the greatest common factor of 1698 and 13017717?
849
What is the highest common factor of 16 and 154643716?
4
What is the highest common factor of 50 and 3136575?
25
Calculate the greatest common divisor of 2816 and 60985056.
352
Calculate the highest common divisor of 1480192 and 21712.
944
Calculate the highest common factor of 44316892 and 3230.
646
What is the greatest common divisor of 147 and 555963?
3
Calculate the greatest common factor of 47893968 and 26524.
1396
Calculate the greatest common factor of 537961634 and 17.
17
What is the highest common factor of 4971 and 748150413?
4971
What is the greatest common factor of 126 and 70108122?
42
Calculate the greatest common divisor of 146 and 1190583718.
146
What is the greatest common factor of 424 and 468838?
106
Calculate the highest common factor of 2185 and 52432571.
437
What is the highest common divisor of 75740070 and 39?
3
What is the highest common divisor of 128528240 and 1360?
80
What is the highest common divisor of 48 and 69645232?
16
What is the highest common divisor of 2706 and 40152?
6
What is the greatest common factor of 6705144 and 7682?
46
Calculate the greatest common factor of 930 and 73453818.
186
What is the greatest common factor of 16137 and 969687?
1467
What is the highest common factor of 42960 and 50116420?
3580
Calculate the highest common divisor of 303120 and 288.
144
What is the highest common divisor of 216 and 1076184?
72
Calculate the greatest common factor of 456 and 242153784.
456
Calculate the highest common divisor of 93174380 and 2392.
1196
What is the highest common factor of 3 and 282374076?
3
Calculate the greatest common divisor of 16000 and 1435520.
640
Calculate the greatest common divisor of 359321664 and 27456.
2496
Calculate the highest common divisor of 2005628 and 2056.
1028
What is the greatest common factor of 5033 and 5401847?
719
What is the highest common divisor of 143532 and 5928669?
3987
Calculate the greatest common divisor of 16 and 26784088.
8
Calculate the greatest common factor of 1993 and 58839339.
1993
Calculate the greatest common factor of 3354 and 153894.
78
Calculate the highest common factor of 301 and 1534799.
301
Calculate the highest common divisor of 41465 and 2240.
5
What is the highest common divisor of 237229972 and 42?
14
Calculate the greatest common factor of 1104 and 478416.
48
What is the highest common divisor of 71546 and 68641?
83
Calculate the highest common divisor of 16 and 762022336.
16
Calculate the highest common factor of 669272 and 1096.
8
Calculate the highest common factor of 376 and 9780748.
4
Calculate the highest common factor of 4704858900 and 582.
582
What is the highest common factor of 446782 and 395458?
658
Calculate the highest common divisor of 1080 and 29770920.
360
What is the highest common factor of 9092110 and 163530?
790
What is the highest common divisor of 17581825 and 3145?
85
What is the greatest common factor of 8316 and 52874316?
1188
What is the greatest common factor of 28 and 10748396?
4
Calculate the highest common divisor of 1599236 and 39100.
92
What is the greatest common divisor of 26882964 and 828?
36
Calculate the greatest common factor of 18570085 and 230.
115
What is the greatest common divisor of 49344 and 2826624?
192
Calculate the greatest common divisor of 537762602 and 3029.
3029
What is the greatest common divisor of 68852 and 5614?
14
What is the greatest common divisor of 1670 and 176004640?
1670
Calculate the highest common factor of 302619 and 3858900.
2031
What is the highest common factor of 1452 and 1019464446?
726
What is the highest common factor of 502830 and 366024?
906
Calculate the greatest common factor of 70224865 and 95.
5
What is the greatest common factor of 39915 and 39240?
45
What is the greatest common factor of 14884900 and 1504?
188
Calculate the highest common factor of 16824594 and 12327.
1761
Calculate the greatest common factor of 3398408160 and 336.
336
Calculate the greatest common divisor of 3028 and 116382694.
1514
Calculate the highest common divisor of 117006869 and 119.
119
Calculate the highest common divisor of 19116 and 32696148.
708
Calculate the greatest common divisor of 15403 and 7880850.
211
What is the greatest common factor of 27396018 and 1378?
1378
Calculate the highest common divisor of 13 and 344623695.
13
What is the greatest common divisor of 2809770 and 10950?
2190
Calculate the highest common divisor of 22690854 and 1242.
54
Calculate the greatest common factor of 42121468 and 4.
4
What is the greatest common factor of 5016 and 12776379?
627
Calculate the highest common divisor of 75141 and 159.
3
Calculate the greatest common factor of 899 and 10088795.
31
Calculate the highest common divisor of 210 and 8446074.
42
Calculate the greatest common divisor of 808770 and 1620.
30
Calculate the highest common factor of 5103439 and 33.
11
What is the greatest common factor of 24181965 and 6840?
855
What is the highest common divisor of 177 and 5550661?
59
Calculate the highest common factor of 102128 and 126256.
208
Calculate the greatest common divisor of 1069967 and 6286.
449
What is the highest common factor of 713 and 13939403?
23
Calculate the highest common divisor of 417487637 and 2723.
2723
Calculate the highest common factor of 74344 and 288.
8
Calculate the greatest common factor of 7980 and 10674580.
2660
Calculate the highest common divisor of 7893074 and 5926681.
13751
What is the highest common divisor of 302748 and 19188?
12
What is the greatest common divisor of 887597 and 25187?
89
What is the highest common divisor of 317429236 and 2872?
1436
What is the highest common divisor of 1409072 and 271859?
3829
Calculate the greatest common divisor of 104425 and 71.
1
What is the highest common divisor of 1380 and 55473470?
230
What is the highest common factor of 615 and 255523890?
615
Calculate the greatest common factor of 4966148 and 63602.
1298
What is the highest common factor of 334848 and 549888?
3072
What is the highest common divisor of 335 and 462084796?
67
Calculate the highest common divisor of 9666396 and 97121.
5713
Calculate the greatest common divisor of 8180 and 1373831.
409
Calculate the highest common factor of 8820 and 9765.
315
Calculate the highest common factor of 188 and 537167230.
94
Calculate the highest common divisor of 152375 and 206425.
575
What is the greatest common divisor of 29376 and 571914?
918
What is the greatest common divisor of 18816 and 67746?
42
What is the greatest common factor of 1148256 and 726?
6
What is